6, what is -12e - -d?
-121
In base 4, what is -1 + -33121?
-33122
In base 10, what is -30 - -23?
-7
In base 14, what is -30 - 21?
-51
In base 16, what is -5 + 46?
41
In base 3, what is 1012112 + 12?
1012201
In base 8, what is 0 - -2?
2
In base 14, what is -6 + 116?
110
In base 9, what is -172 - 3?
-175
In base 12, what is -98b - -5?
-986
In base 16, what is -20b + -3?
-20e
In base 7, what is -3 + 15?
12
In base 2, what is -11 + 111000?
110101
In base 4, what is -111 - -3302?
3131
In base 2, what is -11001 - 1100?
-100101
In base 8, what is 476 + -1?
475
In base 2, what is 10 + -11011110010?
-11011110000
In base 3, what is 1021 - -111?
1202
In base 4, what is 11 + 131?
202
In base 7, what is -4 - 4633?
-4640
In base 16, what is -1 + 3d?
3c
In base 15, what is 55 - -36?
8b
In base 16, what is -8 - -18?
10
In base 10, what is 211 + 106?
317
In base 2, what is 1001100 + 1?
1001101
In base 9, what is -2 + -2452?
-2454
In base 4, what is -102 - -10?
-32
In base 14, what is -51 - -1c?
-33
In base 3, what is 0 + -10211?
-10211
In base 11, what is -11a - -9?
-111
In base 12, what is 1 - 339?
-338
In base 15, what is 25 + 3?
28
In base 16, what is 10c + 0?
10c
In base 3, what is 12 - -10021?
10110
In base 2, what is 1001111100 + -110?
1001110110
In base 15, what is 20 - 14?
b
In base 2, what is -11 + 10101100?
10101001
In base 9, what is -2 - 6408?
-6411
In base 4, what is -211 - -10?
-201
In base 6, what is 131 + 100?
231
In base 8, what is -5 + 162?
155
In base 3, what is 11 + 1112200?
1112211
In base 5, what is 121 - -3?
124
In base 14, what is -bd + 2?
-bb
In base 14, what is 18 + 0?
18
In base 9, what is 3 - 10606?
-10603
In base 4, what is 0 - 332233?
-332233
In base 7, what is -1011 - -4?
-1004
In base 5, what is 10 - 144?
-134
In base 6, what is -3 - -430?
423
In base 4, what is -10 - 3110?
-3120
In base 12, what is 4 - -8ab?
8b3
In base 10, what is 191 - -2?
193
In base 15, what is -6 + 14?
d
In base 4, what is -1 + -122033?
-122100
In base 13, what is 60 - 2?
5b
In base 11, what is a13 - -3?
a16
In base 13, what is 3 - -348?
34b
In base 3, what is 11 - 2000?
-1212
In base 2, what is -10000010 + 1010?
-1111000
In base 7, what is -626 - 5?
-634
In base 15, what is -4 + -860?
-864
In base 5, what is -34110 - -3?
-34102
In base 8, what is -41 - 0?
-41
In base 6, what is 0 + 355?
355
In base 10, what is -3 + -38?
-41
In base 11, what is 5 + 31?
36
In base 15, what is 535 - 3?
532
In base 13, what is 0 - -62?
62
In base 8, what is 7 + -10?
-1
In base 7, what is 55 - -4?
62
In base 2, what is -1011101 - 11?
-1100000
In base 8, what is -164177 + -4?
-164203
In base 11, what is 2 + 297?
299
In base 2, what is -100011001 + 111100?
-11011101
In base 13, what is 30 - -1c?
4c
In base 15, what is -b2d + 8?
-b25
In base 15, what is cd - 34?
99
In base 4, what is 20 + 111?
131
In base 8, what is 12116 - -2?
12120
In base 2, what is 110111111101 + -1?
110111111100
In base 13, what is -43 + 3?
-40
In base 8, what is -2 - -5?
3
In base 16, what is 2d66 + 4?
2d6a
In base 12, what is -12 - 7?
-19
In base 9, what is 3617 + 3?
3621
In base 10, what is 29 + 4?
33
In base 14, what is 5 + 18?
1d
In base 9, what is 11 + 258?
270
In base 14, what is -82 - 1?
-83
In base 14, what is 2 - -56a?
56c
In base 9, what is 0 + 88?
88
In base 12, what is 8b - 5?
86
In base 12, what is 199 - 7?
192
In base 7, what is 13226 - 0?
13226
In base 12, what is 108 - 2?
106
In base 12, what is 7 + 1b7?
202
In base 10, what is 3 + -52?
-49
In base 5, what is -320113 + -4?
-320122
In base 6, what is -2431 + 1?
-2430
In base 3, what is -12122 - 0?
-12122
In base 10, what is 4 - -115?
119
In base 15, what is 1 - -3b3?
3b4
In base 8, what is -742 + -2?
-744
In base 16, what is -8 + -1bb?
-1c3
In base 8, what is -1 + -12?
-13
In base 14, what is 1 - 76?
-75
In base 3, what is -2 - 2?
-11
In base 6, what is 140 - -1445?
2025
In base 9, what is 6 - 65?
-58
In base 7, what is -146 + -5?
-154
In base 2, what is -11001 - 10000?
-101001
In base 2, what is 100111100 + 11?
100111111
In base 6, what is 4 - -22023?
22031
In base 7, what is 14 + -2125?
-2111
In base 8, what is 1 - -55?
56
In base 4, what is 320 - 3?
311
In base 7, what is 226 - 5?
221
In base 13, what is c8 - -3?
cb
In base 2, what is -1110001 - -101?
-1101100
In base 8, what is 15 - 63?
-46
In base 9, what is -5 - -1255?
1250
In base 16, what is 3f - 1a?
25
In base 16, what is 7 - -10?
17
In base 3, what is 2 - -1000?
1002
In base 2, what is -11011010 - 10?
-11011100
In base 15, what is b + 3?
e
In base 12, what is -2 + -228?
-22a
In base 5, what is 244 - 2?
242
In base 4, what is -102 - 103?
-211
In base 15, what is 8 - -34?
3c
In base 3, what is -111000 - 11?
-111011
In base 10, what is -3731 + -5?
-3736
In base 4, what is 1112 - -2002?
3120
In base 11, what is -9a - -1?
-99
In base 4, what is -121 - 2?
-123
In base 16, what is -9 - 1f?
-28
In base 6, what is 2354 - 0?
2354
In base 5, what is 1120 + 144?
1314
In base 5, what is 323 - 4?
314
In base 2, what is -1000001010 - 101?
-1000001111
In base 16, what is f7 - f?
e8
In base 13, what is -94c + -3?
-952
In base 13, what is 80 - 4?
79
In base 9, what is 3 + 186?
200
In base 6, what is -2554 + -23?
-3021
In base 16, what is 7 - -2cb?
2d2
In base 6, what is 33 + 2134?
2211
In base 6, what is 105 + -415?
-310
In base 12, what is 0 + -86?
-86
In base 2, what is 1010110 - -100?
1011010
In base 13, what is -5 + 1136?
1131
In base 3, what is -22 - 2012?
-2111
In base 13, what is -1916 + -1?
-1917
In base 7, what is 363 - 3?
360
In base 6, what is -4331 - -10?
-4321
In base 9, what is -1303 + 0?
-1303
In base 16, what is -107e + -4?
-1082
In base 11, what is 215 - -1?
216
In base 2, what is 10 + -1110010?
-1110000
In base 11, what is 2 + -240?
-239
In base 3, what is -211 - 21?
-1002
In base 10, what is -298 - -38?
-260
In base 13, what is 2b + 169?
197
In base 7, what is 101 + -1501?
-1400
In base 10, what is 0 + 3813?
3813
In base 16, what is -2 - -1cd?
1cb
In base 16, what is -e + -b5?
-c3
In base 8, what is -2 + -2162?
-2164
In base 3, what is 1000 - -212?
1212
In base 14, what is 5 - 235?
-230
In base 7, what is 1 - 1?
0
In base 3, what is 10022 + -11?
10011
In base 4, what is 2113 + 11?
2130
In base 10, what is -27 - 129?
-156
In base 13, what is 2929 + 2?
292b
In base 16, what is 132 + 9?
13b
In base 2, what is -101 + 1010011?
1001110
In base 8, what is 25 - -3040?
3065
In base 5, what is -1111 + -1?
-1112
In base 12, what is -2 + 144b?
1449
In base 5, what is 1130 + 213?
1343
In base 11, what is 0 - 9?
-9
In base 5, what is -14 + 401?
332
In base 6, what is 5 + -42530?
-42521
In base 8, what is 0 + 101?
101
In base 11, what is 94 - 4?
90
In base 7, what is -1665 + -1?
-1666
In base 5, what is -14 + -343?
-412
In base 6, what is 20525 + 2?
20531
In base 12, what is -3 + 6b4?
6b1
In base 2, what is 11 - 101001110?
-101001011
In base 3, what is -1221212 - 10?
-1221222
In base 4, what is -11 + -13212?
-13223
In base 5, what is 211 - -2?
213
In base 12, what is -14 - 3?
-17
In base 12, what is 1b1 - -3?
1b4
In base 7, what is -11 - -246?
235
In base 8, what is -4 - -52?
46
In base 10, what is 1075 + 11?
1086
In base 2, what is -10000011001 - -1100?
-10000001101
In base 4, what is 31003 + -10?
30333
In base 8, what is 673 + 5?
700
In base 16, what is -1 - -3a?
39
In base 13, what is 3 + -45a?
-457
In base 7, what is -24 - -564?
540
In base 7, what is -365 + 1?
-364
In base 4, what is -130313 + 10?
-130303
In base 5, what is 342 - 31?
311
In base 16, what is 0 - -b8?
b8
In base 7, what is 21 + -2?
16
In base 15, what is d + -25?
-17
In base 6, what is -1322 + 0?
-1322
In base 7, what is -3 - 225?
-231
In base 14, what is 1 - 11?
-10
In base 12, what is -813 - 5?
-818
In base 16, what is -5 - d5?
-da
In base 13, what is c - -4?
13
In base 4, what is 1022 + 1?
1023
In base 7, what is -3 - -210?
204
In base 7, what is -2 - 3?
-5
In base 9, what is -1161 + -1?
-1162
In base 16, what is -17 + -9?
-20
In base 14, what is -70 - 5?
-75
In base 8, what is -17 + -3?
-22
In base 5, what is 12000 - 3?
11442
In base 3, what is 1111 - 11?
1100
In base 7, what is -33 - 35?
-101
In base 13, what is -3 - -61?
5b
In base 11, what is 32 + -41?
-a
In base 8, what is -2 - -541?
537
In base 4, what is -110213